13
Calculate the remainder when 160599 is divided by 220.
219
Calculate the remainder when 7529235 is divided by 221448.
3
What is the remainder when 30372 is divided by 782?
656
What is the remainder when 26004 is divided by 5182?
94
What is the remainder when 50245094 is divided by 54?
38
Calculate the remainder when 8521023 is divided by 211.
210
What is the remainder when 204502 is divided by 12?
10
What is the remainder when 4343173 is divided by 4343154?
19
What is the remainder when 472594 is divided by 13147?
12449
What is the remainder when 247827 is divided by 2252?
107
Calculate the remainder when 37485200 is divided by 749.
746
Calculate the remainder when 2216604 is divided by 886.
718
Calculate the remainder when 15347963 is divided by 59.
57
Calculate the remainder when 38237 is divided by 38220.
17
Calculate the remainder when 301809 is divided by 33155.
3414
Calculate the remainder when 83680736 is divided by 65.
61
What is the remainder when 23145927 is divided by 2229?
2220
What is the remainder when 14002946 is divided by 437592?
2
What is the remainder when 4814616 is divided by 4814604?
12
What is the remainder when 39926 is divided by 1000?
926
Calculate the remainder when 29581 is divided by 3115.
1546
Calculate the remainder when 3432870 is divided by 572145.
0
What is the remainder when 29796 is divided by 9786?
438
Calculate the remainder when 1747122 is divided by 22399.
0
Calculate the remainder when 561024 is divided by 16029.
9
What is the remainder when 37816 is divided by 18899?
18
What is the remainder when 15325 is divided by 2275?
1675
What is the remainder when 80821 is divided by 375?
196
What is the remainder when 1444298 is divided by 4946?
66
What is the remainder when 11748 is divided by 160?
68
Calculate the remainder when 31621 is divided by 231.
205
Calculate the remainder when 119404 is divided by 14924.
12
What is the remainder when 12679 is divided by 4049?
532
Calculate the remainder when 61804 is divided by 60112.
1692
What is the remainder when 21436142 is divided by 9?
5
What is the remainder when 805993 is divided by 16?
9
What is the remainder when 39976681 is divided by 76?
73
Calculate the remainder when 2430817642 is divided by 2922.
2920
What is the remainder when 709717 is divided by 141935?
42
What is the remainder when 977963 is divided by 5103?
3290
Calculate the remainder when 107032 is divided by 991.
4
Calculate the remainder when 221863 is divided by 2313.
2128
What is the remainder when 436543 is divided by 470?
383
Calculate the remainder when 87790520 is divided by 51855.
5
Calculate the remainder when 87396 is divided by 86498.
898
What is the remainder when 1466604 is divided by 112815?
9
What is the remainder when 4332128 is divided by 312?
8
What is the remainder when 1208352 is divided by 92948?
28
Calculate the remainder when 50291 is divided by 3636.
3023
What is the remainder when 6407582 is divided by 5?
2
What is the remainder when 5204759 is divided by 18?
5
Calculate the remainder when 18561686 is divided by 630.
626
Calculate the remainder when 125785 is divided by 874.
803
What is the remainder when 47214741 is divided by 573?
114
What is the remainder when 8575 is divided by 541?
460
What is the remainder when 90411 is divided by 6932?
295
Calculate the remainder when 2717406 is divided by 911.
804
Calculate the remainder when 393483828 is divided by 9.
3
What is the remainder when 2976194 is divided by 1488089?
16
Calculate the remainder when 38010 is divided by 18939.
132
What is the remainder when 761211 is divided by 36185?
1326
What is the remainder when 6295600 is divided by 1787?
1786
What is the remainder when 284193 is divided by 856?
1
Calculate the remainder when 1584516 is divided by 44.
32
Calculate the remainder when 21624613 is divided by 7208201.
10
Calculate the remainder when 80350 is divided by 789.
661
Calculate the remainder when 110953 is divided by 712.
593
What is the remainder when 78781 is divided by 5477?
2103
Calculate the remainder when 1176671 is divided by 1421.
83
Calculate the remainder when 24244606 is divided by 3648.
3646
Calculate the remainder when 8804738 is divided by 2135.
2133
Calculate the remainder when 202988 is divided by 222.
80
Calculate the remainder when 22972144 is divided by 417675.
19
What is the remainder when 7179 is divided by 688?
299
What is the remainder when 242029 is divided by 2703?
1462
What is the remainder when 426907 is divided by 144?
91
What is the remainder when 798240 is divided by 798033?
207
Calculate the remainder when 31156738 is divided by 10385577.
7
Calculate the remainder when 117786708 is divided by 23557340.
8
Calculate the remainder when 477854 is divided by 95568.
14
Calculate the remainder when 507126 is divided by 64.
54
Calculate the remainder when 1345862 is divided by 168190.
342
What is the remainder when 15022761 is divided by 12742?
12685
What is the remainder when 4743 is divided by 327?
165
What is the remainder when 230263966 is divided by 5203?
5201
Calculate the remainder when 222907 is divided by 1109.
1107
Calculate the remainder when 137629 is divided by 68761.
107
What is the remainder when 515437 is divided by 307?
291
What is the remainder when 556007 is divided by 10?
7
Calculate the remainder when 4443602 is divided by 341797.
241
Calculate the remainder when 1235381 is divided by 147.
140
Calculate the remainder when 6369769 is divided by 4915.
4844
What is the remainder when 53989 is divided by 1752?
1429
What is the remainder when 28385 is divided by 4691?
239
Calculate the remainder when 5076 is divided by 2105.
866
Calculate the remainder when 190105 is divided by 6127.
168
Calculate the remainder when 71558762 is divided by 16375.
12
What is the remainder when 1986850 is divided by 73?
9
Calculate the remainder when 5074324 is divided by 1036.
1032
Calculate the remainder when 2139465 is divided by 2139452.
13
What is the remainder when 29543954 is divided by 9847973?
35
What is the remainder when 55784 is divided by 13936?
40
What is the remainder when 2076036 is divided by 529?
240
Calculate the remainder when 8258050 is divided by 1403.
1395
What is the remainder when 1580940 is divided by 5359?
35
What is the remainder when 677192676 is divided by 5959?
5957
What is the remainder when 352268 is divided by 4003?
4
Calculate the remainder when 328688 is divided by 1825.
188
What is the remainder when 738213 is divided by 995?
918
What is the remainder when 405433 is divided by 202613?
207
Calculate the remainder when 2749846 is divided by 1099.
148
Calculate the remainder when 160993 is divided by 6290.
3743
What is the remainder when 66236 is divided by 33052?
132
Calculate the remainder when 610194 is divided by 305087.
20
What is the remainder when 2787162 is divided by 557414?
92
Calculate the remainder when 26968 is divided by 1072.
168
What is the remainder when 1896067 is divided by 1595?
1207
Calculate the remainder when 17252739 is divided by 690107.
64
Calculate the remainder when 48793 is divided by 11870.
1313
What is the remainder when 29454 is divided by 1091?
1088
What is the remainder when 7582317 is divided by 2527437?
6
Calculate the remainder when 59536038 is divided by 1452098.
20
Calculate the remainder when 7225059 is divided by 1336.
1307
Calculate the remainder when 184552 is divided by 8016.
184
Calculate the remainder when 1145089 is divided by 94.
75
What is the remainder when 357804 is divided by 836?
832
Calculate the remainder when 83788 is divided by 82960.
828
What is the remainder when 15591513 is divided by 719?
717
What is the remainder when 1753138 is divided by 177?
130
Calculate the remainder when 33982328 is divided by 999479.
42
Calculate the remainder when 794467 is divided by 3395.
37
Calculate the remainder when 68577014 is divided by 65.
64
What is the remainder when 15937821 is divided by 1554?
1551
Calculate the remainder when 1182030 is divided by 330.
300
What is the remainder when 275875 is divided by 4777?
3586
What is the remainder when 15117107 is divided by 5?
2
Calculate the remainder when 12063015 is divided by 80420.
15
What is the remainder when 13001 is divided by 2970?
1121
Calculate the r